5296 a multiple of 16?
True
Is 13 a factor of 1516?
False
Is 360 a multiple of 12?
True
Is 19 a factor of 9998?
False
Is 311 a factor of 42821?
False
Is 71 a factor of 42941?
False
Is 12 a factor of 3194?
False
Is 98 a factor of 686?
True
Is 37 a factor of 4403?
True
Is 175 a multiple of 35?
True
Does 22 divide 198?
True
Is 3440 a multiple of 43?
True
Is 20 a factor of 2380?
True
Is 78 a factor of 22556?
False
Is 463 a multiple of 9?
False
Is 622 a multiple of 28?
False
Is 10 a factor of 28?
False
Is 29 a factor of 1813?
False
Is 152 a multiple of 4?
True
Does 10 divide 3210?
True
Does 22 divide 716?
False
Is 21 a factor of 47569?
False
Is 2419 a multiple of 31?
False
Does 10 divide 290?
True
Is 23712 a multiple of 7?
False
Is 3 a factor of 279?
True
Does 7 divide 462?
True
Does 45 divide 36000?
True
Is 39658 a multiple of 55?
False
Is 27 a factor of 75171?
False
Does 19 divide 10945?
False
Is 712 a multiple of 89?
True
Does 200 divide 898?
False
Is 96 a factor of 2400?
True
Is 5 a factor of 390?
True
Is 15 a factor of 945?
True
Is 1066 a multiple of 13?
True
Is 38 a factor of 21240?
False
Is 1496 a multiple of 44?
True
Is 53 a factor of 1741?
False
Is 6438 a multiple of 111?
True
Does 78 divide 118014?
True
Does 16 divide 817?
False
Does 26 divide 832?
True
Is 16 a factor of 569?
False
Does 3 divide 393?
True
Is 29 a factor of 6673?
False
Is 6680 a multiple of 20?
True
Is 9549 a multiple of 8?
False
Is 384 a multiple of 12?
True
Is 45 a factor of 495?
True
Is 4 a factor of 5?
False
Does 11 divide 935?
True
Does 32 divide 1035?
False
Is 10 a factor of 763?
False
Does 26 divide 14275?
False
Is 414 a multiple of 4?
False
Does 54 divide 1784?
False
Is 6881 a multiple of 17?
False
Does 31 divide 2542?
True
Does 12 divide 1188?
True
Is 991 a multiple of 76?
False
Does 18 divide 6390?
True
Does 241 divide 53151?
False
Is 6 a factor of 7121?
False
Does 16 divide 9264?
True
Is 910 a multiple of 70?
True
Is 924 a multiple of 33?
True
Is 7 a factor of 18736?
False
Is 2 a factor of 2879?
False
Does 8 divide 24556?
False
Is 771 a multiple of 6?
False
Is 22 a factor of 198?
True
Is 20 a factor of 162360?
True
Is 380 a multiple of 68?
False
Is 95 a factor of 10719?
False
Is 199 a factor of 19701?
True
Is 21114 a multiple of 69?
True
Is 27378 a multiple of 13?
True
Is 50718 a multiple of 98?
False
Does 41 divide 469?
False
Is 18 a factor of 90?
True
Does 6 divide 1008?
True
Is 12 a factor of 24888?
True
Does 60 divide 436?
False
Is 20 a factor of 40?
True
Is 5 a factor of 950?
True
Is 5 a factor of 1047?
False
Does 20 divide 6227?
False
Is 38065 a multiple of 331?
True
Does 18 divide 13921?
False
Is 14 a factor of 558?
False
Is 464 a multiple of 17?
False
Is 60 a multiple of 5?
True
Is 26 a factor of 46107?
False
Does 89 divide 7124?
False
Is 98 a factor of 8820?
True
Is 24412 a multiple of 34?
True
Is 4855 a multiple of 10?
False
Is 5701 a multiple of 92?
False
Is 697 a multiple of 17?
True
Is 104434 a multiple of 11?
True
Does 20 divide 10432?
False
Is 62 a factor of 13593?
False
Is 10 a factor of 13810?
True
Is 3093 a multiple of 15?
False
Is 9 a factor of 864?
True
Does 114 divide 798?
True
Is 1827 a multiple of 20?
False
Is 21240 a multiple of 60?
True
Does 5 divide 182?
False
Is 64 a multiple of 13?
False
Is 244 a multiple of 11?
False
Does 77 divide 3581?
False
Is 59400 a multiple of 150?
True
Is 80 a multiple of 30?
False
Is 53 a multiple of 50?
False
Does 7 divide 486?
False
Is 2271 a multiple of 9?
False
Is 4004 a multiple of 27?
False
Is 14 a multiple of 5?
False
Does 9 divide 180?
True
Is 6 a factor of 558?
True
Is 27 a factor of 300?
False
Does 8 divide 9328?
True
Is 572 a multiple of 9?
False
Does 9 divide 15914?
False
Is 7850 a multiple of 50?
True
Does 15 divide 2118?
False
Does 12 divide 75?
False
Does 39 divide 555?
False
Does 2 divide 1878?
True
Is 6 a factor of 20406?
True
Is 1930 a multiple of 10?
True
Is 1926 a multiple of 9?
True
Is 21 a multiple of 2?
False
Is 75 a factor of 1650?
True
Is 219 a multiple of 11?
False
Does 17 divide 1938?
True
Is 1686 a multiple of 39?
False
Does 13 divide 8762?
True
Is 83 a factor of 7055?
True
Does 91 divide 6764?
False
Does 22 divide 176?
True
Is 10725 a multiple of 5?
True
Is 9346 a multiple of 14?
False
Is 2 a factor of 144?
True
Is 5197 a multiple of 14?
False
Does 16 divide 1807?
False
Is 175 a multiple of 35?
True
Is 8 a factor of 15938?
False
Is 14 a factor of 224?
True
Is 16 a factor of 32432?
True
Does 24 divide 1057?
False
Is 1303 a multiple of 4?
False
Is 57 a factor of 1539?
True
Is 24 a factor of 56568?
True
Is 1694 a multiple of 121?
True
Does 18 divide 288?
True
Is 7202 a multiple of 13?
True
Is 145 a multiple of 26?
False
Does 6 divide 121?
False
Does 5 divide 5?
True
Does 75 divide 7575?
True
Is 630 a multiple of 23?
False
Does 25 divide 2010?
False
Is 60 a factor of 22200?
True
Is 21349 even?
False
Is 13175 a multiple of 161?
False
Does 347 divide 99242?
True
Is 671 a multiple of 23?
False
Is 644 a multiple of 14?
True
Does 9 divide 2673?
True
Is 90 a factor of 11168?
False
Is 64 a factor of 42752?
True
Is 31 a factor of 2263?
True
Is 23153 a multiple of 7?
False
Is 7 a factor of 315?
True
Is 22 a factor of 3146?
True
Is 10 a factor of 672?
False
Is 57386 a multiple of 16?
False
Is 52924 a multiple of 131?
True
Is 4 a factor of 1084?
True
Is 59 a factor of 2065?
True
Is 474 a multiple of 6?
True
Is 565 even?
False
Is 32 a factor of 1151?
False
Does 18 divide 556?
False
Is 1008 a multiple of 9?
True
Does 64 divide 2048?
True
Is 9633 a multiple of 39?
True
Does 2 divide 234?
True
Is 195 a multiple of 15?
True
Does 3 divide 2082?
True
Does 13 divide 923?
True
Is 137025 a multiple of 175?
True
Is 27 a factor of 9999?
False
Is 2135 a multiple of 7?
True
Is 3 a factor of 286?
False
Is 1491 a multiple of 11?
False
Is 113 a factor of 17741?
True
Does 35 divide 24710?
True
Is 23 a factor of 303?
False
Does 19 divide 3795?
False
Is 713 a multiple of 10?
False
Is 13 a factor of 156?
True
Is 52386 a multiple of 175?
False
Is 59 a factor of 521?
False
Is 97 a factor of 4148?
False
Does 65 divide 8060?
True
Is 562 a multiple of 142?
False
Is 8 a factor of 174?
False
Does 11 divide 16229?
False
Is 23 a factor of 214?
False
Is 2856 a multiple of 19?
False
Is 20 a factor of 1060?
True
Does 23 divide 2426?
False
Is 459 a multiple of 51?
True
Is 14436 a multiple of 7?
False
Is 6 a factor of 15?
False
Is 130 a multiple of 65?
True
Does 61 divide 12322?
True
Is 2286 a multiple of 15?
False
Does 7 divide 1952?
False
Is 49 a factor of 10192?
True
Does 23 divide 40687?
True
Is 4 a factor of 124?
True
Is 26649 a multiple of 9?
True
Is 4 a factor of 2013?
False
Does 41 divide 2173?
True
Does 7 divide 174?
False
Does 2 divide 20462?
True
Does 133 divide 14497?
True
Is 45866 a multiple of 71?
True
Is 119 a factor of 17731?
True
Is 4000 a multiple of 25?
True
Is 25 a factor of 200?
True
Is 16 a factor of 1961?
False
Is 781 a multiple of 15?
False
Does 31 divide 19405?
False
Is 299 a factor of 48416?
False
Does 182 divide 5824?
True
Is 1090 a multiple of 5?
True
Does 83 divide 5312?
True
Is 23085 a multiple of 19?
True
Is 4360 a multiple of 40?
True
Is 9479 a multiple of 21?
False
Is 17 a factor of 3236?
False
Is 1290 a multiple of 15?
True
Is 1820 a multiple of 3?
False
Is 112 a factor of 10131?
False
Is 40 a factor of 94?
False
Does 3 divide 1047?
True
Does 7 divide 1225?
True
Is 23 a factor of 3150?
False
Does 166 divide 2618?
False
Is 3 a factor of 5528?
False
Does 144 divide 17279?
False
Is 4 a factor of 5469?
False
Is 5 a factor of 1395?
True
Does 43 divide 989?
True
Is 28 a factor of 3592?
False
Is 851 a multiple of 71?
False
Is 18 a multiple of 17?
False
Is 6197 a multiple of 7?
False
Does 4 divide 14181?
False
Is 1519 a multiple of 49?
True
Is 15604 a multiple of 83?
True
Is 12 a factor of 613?
False
Is 2 a factor of 1270?
True
Is 10 a factor of 95?
False
Does 18 divide 846?
True
Does 40 divide 917?
False
Does 248 divide 12648?
True
Is 66 a multiple of 22?
True
Is 28 a factor of 2688?
True
Is 640 even?
True
Does 30 divide 1321?
False
Is 2 a factor of 69?
False
Does 73 divide 73?
True
Does 33 divide 24948?
True
Does 76 divide 3273?
False
Is 53 a factor of 742?
True
Is 18 a factor of 2610?
True
Is 420